{"id":19,"date":"2017-06-19T07:07:27","date_gmt":"2017-06-19T07:07:27","guid":{"rendered":"https:\/\/websitedemos.net\/astra-lite-demo-1\/?page_id=19"},"modified":"2023-08-22T15:39:01","modified_gmt":"2023-08-22T14:39:01","slug":"om-oss","status":"publish","type":"page","link":"https:\/\/forskolanflygandemattan.se\/?page_id=19","title":{"rendered":"Om oss"},"content":{"rendered":"<h1>Om oss<\/h1>\n<p>F\u00f6rskolan Flygande mattan \u00e4r den enda i sitt slag i s\u00f6dra Stockholm. Vi etablerades \u00e5r 2009 med f\u00f6rsta f\u00f6rskolan i Brandbergen. Idag har vi tre verksamheter f\u00f6rlagda i Haninge- och Huddinge kommun. En f\u00f6rskola ligger i Jordbro, en i Brandbergen och en i Skog\u00e5s. Alla tre \u00e4r f\u00f6renade med v\u00e5r gemensamma v\u00e4rdegrund och Islamprofil. \u00c4nda sedan starten har v\u00e5r vision varit att ta tillvara barns vetgirighet, nyfikenhet och att \u00f6ka&nbsp; f\u00f6rst\u00e5elsen f\u00f6r v\u00e5r omv\u00e4rld och v\u00e5rt samh\u00e4lle med respekt f\u00f6r varje barns erfarenheter och i den takt som varje barn beh\u00f6ver efter \u00e5lder och mognad. Allt f\u00f6r att bygga en trygg identitetsk\u00e4nsla.<br \/>\nVarmt v\u00e4lkomna till oss!&nbsp;<\/p>\n<p><b>V\u00e5r m\u00e5ngfald \u00e4r v\u00e5r styrka&nbsp;<\/b><\/p>\n<p>Flygande mattans f\u00f6rskolor st\u00e5r f\u00f6r m\u00e5ngfald, vilket vi \u00e4r mycket stolta \u00f6ver. Flygande mattan \u00e4r en m\u00e5ngkulturell f\u00f6rskola med representanter fr\u00e5n \u00f6st till v\u00e4st och norr till s\u00f6der. Detta ser vi som en stor tillg\u00e5ng och vi l\u00e4gger d\u00e4rf\u00f6r stor vikt p\u00e5 att barnen ska&nbsp; k\u00e4nna stolthet \u00f6ver sin kulturella och etniska bakgrund. Vi v\u00e4rdes\u00e4tter d\u00e4rf\u00f6r allas olikheter&nbsp; bland annat genom att \u00e4ta mat fr\u00e5n olika delar av v\u00e4rlden, ta del av varandras spr\u00e5kliga kunskaper samt belysa&nbsp; olika kulturella arv som musik och firande av v\u00e5ra h\u00f6gtider.&nbsp;<\/p>\n<p>Det belyser vi p\u00e5 flera s\u00e4tt. F\u00f6r att f\u00f6rst\u00e5 sin egen kultur beh\u00f6ver vi f\u00f6rst\u00e5 andras. Vi tar tillvara p\u00e5 denna m\u00e5ngfald genom olika upplevelser, som mat, musik, studiebes\u00f6k, teater\/rollspel, firande av h\u00f6gtider m.m.<br \/>\nRespekten f\u00f6r religionsfrihet och att alla m\u00e4nniskor \u00e4r lika v\u00e4rda respekt och sina m\u00e4nskliga r\u00e4ttigheter \u00e4r en viktig del av v\u00e4rdegrundsarbetet.<br \/>\nFlygande mattan har en konstant \u00f6ppen d\u00f6rr till samh\u00e4llet och integration \u00e4r stor del av v\u00e5r verksamhet. Vi tar ut barnen p\u00e5 utflykter och dylikt f\u00f6r att f\u00f6rst\u00e5 sin omv\u00e4rld, \u00f6ka integration i samh\u00e4llet men likas\u00e5 bjuda in dem som vill l\u00e4ra sig mer om oss<\/p>\n<p>V\u00e5ra f\u00f6rskolor efterstr\u00e4var att skapa en balans mellan det svenska arvet och kulturen, samt de Islamiska v\u00e4rderingarna. Vi har \u00f6ppna och \u00e4rliga dialoger och diskussioner med barnen, bem\u00f6ter alla barnens fr\u00e5gor och funderingar med \u00f6ppenhet och \u00e4rlighet samt belyser v\u00e5ra likheter och olikheter.<br \/>\nV\u00e5ra pedagoger \u00e4r medforskare p\u00e5 barnens kunskaps- och utvecklingsresa.&nbsp;<\/p>\n<p>V\u00e5rt gemensamma spr\u00e5k \u00e4r svenska men vi erbjuder samtidigt&nbsp; tryggheten att m\u00e5nga pedagoger delar spr\u00e5k och kultur med majoriteten av barnen. Vi \u00e4r m\u00e5na om att barnen utforskar samh\u00e4llet utanf\u00f6r sina n\u00e4rmilj\u00f6er och f\u00e5r uppleva b\u00e5de natur och skog, kultur- och stadsliv.&nbsp;<\/p>\n<p>Barn och medarbetare fr\u00e5n alla etniciteter, trosuppfattning och bakgrund \u00e4r varmt v\u00e4lkomna till Flygande mattan.<\/p>\n<h3>V\u00e5ra v\u00e4rderingar<\/h3>\n<p>En stark verksamhet ska vila p\u00e5 en stark gemensam v\u00e4rdegrund, p\u00e5 Flygande mattan kallar vi det f\u00f6r v\u00e5rt v\u00e4rdegrunds tr\u00e4d. Detta \u00e4r sj\u00e4lva rotsystemet av v\u00e5ra fem viktigaste omr\u00e5den. Lpf\u00f6 18 och Barnkonventionen ligger till grund f\u00f6r v\u00e5rt gemensamma v\u00e4rdegrundsarbete. Ut\u00f6ver det ligger Islam, barns inflytande, IKT (Information kommunikation och teknik) samt utomhus\/milj\u00f6 pedagogik som v\u00e4rdegrund f\u00f6r alla v\u00e5ra f\u00f6rskolor. Att v\u00e4rna om allas lika v\u00e4rde, respekt f\u00f6r allting levande, hur vi lever tillsammans i harmoni, att alla har r\u00e4tt till sin egen \u00e5sikt och att uttrycka den med h\u00e4nsyn till andra \u00e4r den v\u00e4rdegrund allt vi g\u00f6r utg\u00e5r ifr\u00e5n.<\/p>\n<h3>V\u00e5ra h\u00f6gtider<\/h3>\n<p>Flygande mattan har st\u00e4ngt&nbsp; alla r\u00f6da helgdagar i Sveriges kalender. Vi har tre studiedagar p\u00e5 h\u00f6sten, samt tv\u00e5 dagar p\u00e5 v\u00e5rterminen.<br \/>\nDe tv\u00e5 f\u00f6rsta veckodagarna i h\u00f6gtiden Eid st\u00e4nger vi f\u00f6rskolorna (datum f\u00f6r dessa datum skiljer sig fr\u00e5n \u00e5r till \u00e5r). Detta f\u00f6r att fira och belysa dessa speciella dagar med v\u00e5ra barn.<br \/>\nVi har \u00f6ppet p\u00e5 kl\u00e4mdagar.<\/p>\n<p>Vi f\u00f6rbeh\u00e5ller oss r\u00e4tten att g\u00f6ra eventuella \u00e4ndringar och justeringar vid behov.&nbsp;<\/p>\n<h3>V\u00e5r mat<\/h3>\n<p>Kost och h\u00e4lsa har en viktig roll i barnets h\u00e4lsa i denna \u00e5lder, d\u00e5 den l\u00e4gger grunden f\u00f6r deras matvanor och levnadss\u00e4tt. P\u00e5 Flygande mattan anv\u00e4nder vi s\u00e5 mycket ekologiska, kravm\u00e4rkta, lokalproducerade s\u00e4songsvaror som m\u00f6jligt. All k\u00f6tt \u00e4r Halal-slaktat. Vi f\u00f6ljer livsmedelsverkets rekommendationer vad g\u00e4ller n\u00e4ringsinneh\u00e5ll och andra ber\u00e4kningar f\u00f6r barn i f\u00f6rskole\u00e5ldern.<\/p>\n<p>D\u00e5 vi \u00e4r en m\u00e5ngkulturell f\u00f6rskola representeras detta ocks\u00e5 i maten som vi serverar.&nbsp;<\/p>\n<h3>V\u00e5r bakgrund<\/h3>\n<p>Vi \u00e4r Maria och Amal, vi \u00e4r \u00e4garna bakom denna verksamhet. Tillsammans har vi \u00f6ver 55 \u00e5rs arbtserfarenhet som f\u00f6rskoll\u00e4rare och rektor. V\u00e5r dr\u00f6m \u00e4r att ge v\u00e5ra barn en milj\u00f6 d\u00e4r dem kan blomma och frodas som individer, och f\u00e5 utrymme att leva sin bakgrund utan f\u00f6rdommar, samtidigt som de st\u00e4rker sin egen identitet och f\u00e5r utrymme och nyfikenhet att integreras i samh\u00e4llet.<\/p>\n<h3>V\u00e5ra f\u00f6rskolor<\/h3>\n<p>Flygande mattan f\u00f6rskolor har idag 11 avdelningar f\u00f6rdelade p\u00e5 tre stugor, i Haninge och Huddinge. Varje enhet har minst en f\u00f6rskoll\u00e4rare i arbetslaget som samarbetar med erfarna och utbildade barnsk\u00f6tare. Flygande mattan har ocks\u00e5 en verksamhetsutvecklare som st\u00f6ttar i den pedagogiska utvecklingen alla f\u00f6rskolor. Alla f\u00f6rskolor erbjuder gr\u00f6n och vacker g\u00e5rd och\/eller n\u00e4rmilj\u00f6 som barngrupperna spenderar en del om hela sin pedagogiska verksamhet. Vi anpassar v\u00e5ra \u00f6ppettider utifr\u00e5n barnens vistelsetid, inom tidsintervallet 6.30-17.30.<\/p>\n<h3>Varf\u00f6r Flygande Mattan?<\/h3>\n<p><a href=\"\">Anledning 1<\/a><\/p>\n<p>Sed Fringilla Mauris Sit Amet Nibh. Donec Sodales Sagittis Magna. Sed Consequat, Leo Eget Bibendum, Sodales, Augue Velit Cursus Nunc, Quis Gravida Magna Mi A Libero.<\/p>\n<p><a href=\"\">Anledning 2<\/a><\/p>\n<p>Sed Fringilla Mauris Sit Amet Nibh. Donec Sodales Sagittis Magna. Sed Consequat, Leo Eget Bibendum, Sodales, Augue Velit Cursus Nunc, Quis Gravida Magna Mi A Libero.<\/p>\n<p><a href=\"\">Anledning 3<\/a><\/p>\n<p>Sed Fringilla Mauris Sit Amet Nibh. Donec Sodales Sagittis Magna. Sed Consequat, Leo Eget Bibendum, Sodales, Augue Velit Cursus Nunc, Quis Gravida Magna Mi A Libero.<\/p>\n<p><a href=\"\">Anledning 4<\/a><\/p>\n<p>Sed Fringilla Mauris Sit Amet Nibh. Donec Sodales Sagittis Magna. Sed Consequat, Leo Eget Bibendum, Sodales, Augue Velit Cursus Nunc, Quis Gravida Magna Mi A Libero.<\/p>\n<h3>N\u00e5got du funderar p\u00e5?<\/h3>\n<p>Tveka absolut inte att h\u00f6ra av till oss genom att klicka p\u00e5 knappen!<\/p>\n<p><a href=\"https:\/\/forskolanflygandemattan.se\/?page_id=25\" role=\"button\"><br \/>\nKontakta Oss<br \/>\n<\/a><\/p>\n","protected":false},"excerpt":{"rendered":"<p>Om oss F\u00f6rskolan Flygande mattan \u00e4r den enda i sitt slag i s\u00f6dra Stockholm. Vi etablerades \u00e5r 2009 med f\u00f6rsta f\u00f6rskolan i Brandbergen. Idag har vi tre verksamheter f\u00f6rlagda i Haninge- och Huddinge kommun. En f\u00f6rskola ligger i Jordbro, en i Brandbergen och en i Skog\u00e5s. Alla tre \u00e4r f\u00f6renade med v\u00e5r gemensamma v\u00e4rdegrund och &hellip;<\/p>\n<p class=\"read-more\"> <a class=\"\" href=\"https:\/\/forskolanflygandemattan.se\/?page_id=19\"> <span class=\"screen-reader-text\">Om oss<\/span> Read More &raquo;<\/a><\/p>\n","protected":false},"author":1,"featured_media":0,"parent":0,"menu_order":0,"comment_status":"closed","ping_status":"closed","template":"","meta":{"site-sidebar-layout":"no-sidebar","site-content-layout":"page-builder","ast-main-header-display":"","ast-hfb-above-header-display":"","ast-hfb-below-header-display":"","ast-hfb-mobile-header-display":"","site-post-title":"disabled","ast-breadcrumbs-content":"","ast-featured-img":"disabled","footer-sml-layout":"","theme-transparent-header-meta":"default","adv-header-id-meta":"","stick-header-meta":"","header-above-stick-meta":"","header-main-stick-meta":"","header-below-stick-meta":""},"_links":{"self":[{"href":"https:\/\/forskolanflygandemattan.se\/index.php?rest_route=\/wp\/v2\/pages\/19"}],"collection":[{"href":"https:\/\/forskolanflygandemattan.se\/index.php?rest_route=\/wp\/v2\/pages"}],"about":[{"href":"https:\/\/forskolanflygandemattan.se\/index.php?rest_route=\/wp\/v2\/types\/page"}],"author":[{"embeddable":true,"href":"https:\/\/forskolanflygandemattan.se\/index.php?rest_route=\/wp\/v2\/users\/1"}],"replies":[{"embeddable":true,"href":"https:\/\/forskolanflygandemattan.se\/index.php?rest_route=%2Fwp%2Fv2%2Fcomments&post=19"}],"version-history":[{"count":36,"href":"https:\/\/forskolanflygandemattan.se\/index.php?rest_route=\/wp\/v2\/pages\/19\/revisions"}],"predecessor-version":[{"id":1931,"href":"https:\/\/forskolanflygandemattan.se\/index.php?rest_route=\/wp\/v2\/pages\/19\/revisions\/1931"}],"wp:attachment":[{"href":"https:\/\/forskolanflygandemattan.se\/index.php?rest_route=%2Fwp%2Fv2%2Fmedia&parent=19"}],"curies":[{"name":"wp","href":"https:\/\/api.w.org\/{rel}","templated":true}]}}